 r be x(9). Suppose 0 = -4*z + 4, -3*z = r*d + 2*z - 25. List the prime factors of d.
2, 5
Let h(m) be the third derivative of -m**4/12 - m**3/6 - 2*m**2. What are the prime factors of h(-7)?
13
Let m be 8/28 - 108/(-14). What are the prime factors of m/(-12) + 202/6?
3, 11
Let j(v) = v + 10. Let d be j(-9). Let l(u) = -u**2 + u - 2. Let t be l(2). What are the prime factors of d/t - (-9)/4?
2
Suppose -2*r - 62 = 18. Let q = r - -18. Let u = -16 - q. List the prime factors of u.
2, 3
Let b = 18 - 44. Let c = b + 45. List the prime factors of c.
19
Let y(a) = a**2 + 3*a - 6. List the prime factors of y(-10).
2
Let f(w) = 10*w + 2 - 3 + 3 - w. List the prime factors of f(2).
2, 5
Suppose -17*i = -12*i - 1190. List the prime factors of i.
2, 7, 17
Suppose 4 = 2*v + n + 2, v - n = 7. Suppose -1 = v*l - 19. Suppose 0 = 2*t - l + 2. List the prime factors of t.
2
List the prime factors of 8/12 + (-115)/(-3).
3, 13
Let d(l) = l**2 + 5*l + 4. Let v be d(-8). Suppose -k = -3*k + v. What are the prime factors of k?
2, 7
Let n = 55 + -23. List the prime factors of n.
2
Let x(q) = q**2 - q - 5. Let z be x(4). Let l = -7 + z. List the prime factors of (l - -2)/((-1)/(-4)).
2
What are the prime factors of ((-15)/(-10))/((-1)/(-20))?
2, 3, 5
Let x(n) = -n**2 + 10*n + 6. List the prime factors of x(9).
3, 5
Let a = 92 + 6. List the prime factors of a.
2, 7
Let o(n) = 2*n - 5. Suppose 5*j = 63 + 97. Suppose -2*b = -4*q + 2*b + j, 3*q - 5*b = 32. List the prime factors of o(q).
3
Let o = -23 + 62. List the prime factors of o.
3, 13
Suppose 0*r - r = -b + 1, -2*b - r + 11 = 0. Suppose 3*s - 4 - 2 = 0. Suppose -b*d = f + s, 2*f - 29 = 4*d - d. What are the prime factors of f?
2, 5
Let m(i) be the third derivative of -7*i**6/60 - i**5/30 + i**4/12 - i**3/6 - i**2. Let o be m(1). Let p = -9 - o. List the prime factors of p.
2, 3
Suppose 20*i - 25*i = -685. What are the prime factors of i?
137
Let p = 2 + -3. Let i be (-1)/((p/5)/1). Suppose -w = -i*n - 3, -n = -4*w + 2*n + 46. List the prime factors of w.
13
Let n(i) = 48*i**2 + 2*i + 1. Let a be (-12)/6*(-2)/(-4). What are the prime factors of n(a)?
47
Let r(d) = -d + 20. Let n be r(11). Suppose n = x + 2*x. Suppose 4*j = x*w - 29, 3*w + 0*j - 3*j - 30 = 0. What are the prime factors of w?
11
Let g = -16 - -16. Suppose 5*c = 4*d - g*d + 139, -3*c - 5*d + 113 = 0. What are the prime factors of c?
31
Suppose -l = -0*l + 3*t - 1, 2*t = -6. Suppose l + 58 = 4*i. What are the prime factors of i?
17
What are the prime factors of (-81)/((28/12)/(-7))?
3
What are the prime factors of (-4)/6*(2 - 20)?
2, 3
Suppose -12 = -3*y + 4*m, 3 = -2*m - 3. Let i = y + 4. Suppose -i*v + 25 + 3 = 0. List the prime factors of v.
7
Suppose -8*t + 12*t - 288 = 0. List the prime factors of t.
2, 3
Suppose 0 = -3*f - 2*f - 5, 3*s = 3*f + 1011. What are the prime factors of s?
2, 3, 7
Suppose -2*x = 4*v - 270 - 44, -4*x = -v - 583. List the prime factors of x.
3, 7
Suppose 3*z = 4*b - 0*z - 1093, -267 = -b + 2*z. List the prime factors of b.
277
Suppose -3*l + 237 = d, 4*d + 0*d = 2*l + 934. List the prime factors of d.
2, 3, 13
Let z(o) = o**3 + 6*o**2 - 5*o + 4. What are the prime factors of z(-6)?
2, 17
Suppose 3*m - 104 = -m. What are the prime factors of (0 - -1) + m/2?
2, 7
Suppose 0*s - 2*s + 6 = 0. Let y(b) be the second derivative of b**4/12 + b**3/6 + b**2/2 + b. List the prime factors of y(s).
13
What are the prime factors of (4 - 14)*-1*4?
2, 5
Let f(w) be the third derivative of 0*w**3 - 7/24*w**4 + 0*w + 2*w**2 + 0. What are the prime factors of f(-1)?
7
Let a(m) = m**2 - 2*m + 1. Let g be a(3). Let w(t) = -t + 7. Let x be w(g). Suppose 0 = -3*f + 57 - x. What are the prime factors of f?
2, 3
Suppose 2*v = -2*w + 62, -45 = 5*w + 4*v - 205. Suppose 0 = -4*a + w + 128. What are the prime factors of a?
41
Let r = 15 + -16. List the prime factors of 16*(2/(-4) - r).
2
Suppose -y + 112 = -3*l, 336 = 3*y - 7*l + 4*l. What are the prime factors of y?
2, 7
Let a = 2 - -1. Suppose 2*x - 5 = a*h + 1, 5*x - 15 = h. Let g(j) = j**3 - 3*j**2 + 4*j - 1. List the prime factors of g(x).
11
Let s(y) = 2*y**2 + y - 1. List the prime factors of s(4).
5, 7
Suppose 4*u = 5*q - 3*q - 36, -3*q = 6. What are the prime factors of (70/25)/((-2)/u)?
2, 7
Let q = -1 + 16. What are the prime factors of q?
3, 5
Let a be (58/(-6))/((-3)/9). Let p = -11 + a. Suppose 0 = -w - 3*q + p, 1 = q - 1. What are the prime factors of w?
2, 3
Let z = 343 + -241. List the prime factors of z.
2, 3, 17
Suppose -4*k - 3 = 1. What are the prime factors of 0 + 13 - -1 - k?
3, 5
Let v be (-1 + -2 - -3)*-1. Suppose 18 = -v*p + 2*p. What are the prime factors of p?
3
Let x(h) = 6*h**2 - 5*h + 6. What are the prime factors of x(6)?
2, 3
List the prime factors of 10/45 + (-223)/(-9).
5
Let u = 1 - -5. Suppose -i + 34 = g, 4*i = 2*i + u. What are the prime factors of g?
31
Suppose 5 = 3*i - 1. Suppose -l + i = -0. Let t(u) = 2*u**2 + 2*u + 1. What are the prime factors of t(l)?
13
Suppose 5*j - 2*j = 18. Let d(q) = 5*q**2 - 2*q**2 - 1 + 0*q**3 + 8*q + 2*q**2 - q**3. What are the prime factors of d(j)?
11
Let w be 1*1/3*15. Suppose -w*t = -3*c - 64, -3*c = c - 8. List the prime factors of t.
2, 7
Suppose 0 - 10 = -2*f. Suppose 5*v - f = 0, 3*w + v + 11 = 3*v. What are the prime factors of (26/w)/((-4)/6)?
13
Suppose 2*p = -5*y - 52, -3*p = -5*y - p - 48. Let f = y + 24. What are the prime factors of f?
2, 7
List the prime factors of (-2)/(3/(-24) + 0).
2
Let p be (-142)/8 + (-4)/16. List the prime factors of (0 - -14)*(-9)/p.
7
Let n(o) = 22*o**2 + 8*o + 22. List the prime factors of n(-3).
2, 7
Suppose -11*b + 10*b + 4 = 0. Suppose 45 = b*r - r. What are the prime factors of r?
3, 5
Let c(g) = -g**3 - g**2 + 2*g + 11. Let l be c(-5). Suppose -4*y + l = -51. What are the prime factors of y?
2, 19
Suppose 4*d + 2*f - f - 14 = 0, 0 = -5*f - 10. Suppose -z - 3*j = -15, d*z - 79 = -3*j - 19. List the prime factors of z.
3, 5
Let d = 239 + -79. What are the prime factors of d?
2, 5
Let l = -64 - -106. Suppose 5*s = -8 - l. Let d = s + 15. What are the prime factors of d?
5
Suppose k + 13 = 2*s - 13, -2*s - 5*k = -38. Suppose 6 + s = 5*z. Suppose 9 = -z*c + 65. List the prime factors of c.
2, 7
Let x(p) be the first derivative of p**4/4 - p**3 - p**2/2 - p - 2. Suppose -14 = -2*a + 2*v, a - 3*a - 4*v - 4 = 0. What are the prime factors of x(a)?
11
Let h = 4 - 1. Suppose -7 = v + h*m, 5*m - 4*m + 9 = 3*v. What are the prime factors of v?
2
Suppose -5*q = -6*q + 3*c + 327, -c = q - 343. What are the prime factors of q?
3, 113
Let a = -7 + 19. What are the prime factors of a + (-1 - (4 + -1))?
2
Let u(i) = 10*i - 2. What are the prime factors of u(2)?
2, 3
Let x = 24 + -18. Suppose 7*c - 13 = x*c. What are the prime factors of c?
13
Suppose 0 = 4*k - 2 - 2, 3*n = -5*k + 65. List the prime factors of n.
2, 5
What are the prime factors of ((-15)/(-4) - 4)/((-2)/16)?
2
Suppose w = 2*w + 3. Let b be ((-10)/(-3))/((-2)/w). Let m = b + -1. List the prime factors of m.
2
Let m(p) = 25*p - 1. Let x be m(8). Suppose 3*k - 59 = -z, 3*z - x + 46 = -k. Let n = z - 36. What are the prime factors of n?
2, 7
Suppose 4*q - 22 = 4*r - 102, 0 = -3*r - 4*q + 60. List the prime factors of r.
2, 5
Let m(u) be the first derivative of u**2/2 + 18*u - 3. List the prime factors of m(-10).
2
Let n(v) = -v**2 + 3*v - 3. Let q be n(4). Let p(i) = i**3 + 8*i**2 + 6*i + 4. What are the prime factors of p(q)?
11
Let n = 660 + -455. List the prime factors of n.
5, 41
Suppose 0 = 4*l - 97 - 95. What are the prime factors of l?
2, 3
Let v(n) = n + 19. Let a be v(12). Suppose -5*z - a = -141. What are the prime factors of z?
2, 11
Let w = -5 - -7. Let p be w/9 + (-102)/(-27). List the prime factors of p/(-6) - 38/(-3).
2, 3
Let b(x) = -x**3 + 5*x**2 - x + 5. Let o = 4 - -1. Let j be b(o). Suppose -5*q + 5*i = j, 5*i - 6 - 9 = 2*q. List the prime factors of q.
5
Let d(u) = -u**2 - u. Suppose -2*c = -c. Let i be d(c). List the prime factors of (-1)/(1/(-12)) + i.
2, 3
Suppose 5*v = b - 2, 3*v - 4*v + 2 = b. Suppose 2*f - 4*y - 4 = v, -3*f - 3*y = -2*y - 27. List the prime factors of f.
2
Let f(z) = -12*z - 4. Let n be f(-3). Let i = n - 17. What are the prime factors of i?
3, 5
Let d be 0 - 1 - (-1 + 0). Let u(c) be the fi